 -13682*h + 122571. What is l(9)?
-567
Let l(c) = -680609*c - 23821312. Determine l(-35).
3
Let o(z) = 268396*z - 6709905. What is o(25)?
-5
Let c(b) = -4273*b**2 + 17094*b - 23. Calculate c(4).
-15
Let o(x) = -3*x**2 + 122*x + 3265. Determine o(-19).
-136
Let s(q) = -11*q**2 + 2188*q - 42654. Calculate s(177).
3
Let f(z) = -499*z**2 + 20*z - 23. Give f(1).
-502
Let r(n) = -44*n**2 - 4717*n + 23639. What is r(-112)?
7
Let z(q) = q**2 - 8792*q + 2342169. Determine z(275).
-6
Let o(i) = 24494*i - 2767825. Determine o(113).
-3
Let n(w) = 3*w**2 + 218*w + 1876. Give n(-10).
-4
Let r(i) = i**3 - 30*i**2 - 27*i - 226. What is r(30)?
-1036
Let l(f) = 13121*f - 39382. Calculate l(3).
-19
Let v(h) = -5052*h - 449634. What is v(-89)?
-6
Let q(n) = 4*n**3 + 16*n**2 - 17*n + 49. What is q(5)?
864
Let i(c) = -807*c + 3748. Determine i(3).
1327
Let l(f) = -f**2 - 4691*f + 499389. Give l(104).
709
Let l(w) = w**3 - 65*w**2 + 945*w + 1788. What is l(26)?
-6
Let h(r) = -9425*r - 37728. Determine h(-4).
-28
Let g(n) = -n**3 + 451*n**2 + 1275*n + 39511. Give g(454).
13
Let a(o) = -19448*o - 563990. Calculate a(-29).
2
Let a(i) = -i**3 - 3*i**2 - 5640*i - 22595. Calculate a(-4).
-19
Let b(l) = -3*l**3 - 48*l**2 + 54*l + 74. Determine b(-17).
23
Let p(l) = 72*l**2 + 100*l + 15. Give p(-4).
767
Let l(s) = -s**3 + 78*s**2 - 1492*s - 772. What is l(36)?
-52
Let m(c) = -c**2 + 78*c + 2100. Calculate m(-21).
21
Let m(p) = p**3 - 160*p**2 + 164*p + 1123. What is m(159)?
1918
Let g(d) = -d**2 - 194*d + 2456. What is g(12)?
-16
Let o(n) = n**3 + 34*n**2 - 12725*n + 1857. What is o(97)?
111
Let l(z) = -2*z**3 + 139*z**2 + 231*z - 11222. What is l(70)?
48
Let n(q) = 338525*q - 2031206. Calculate n(6).
-56
Let d(q) = q**2 + 155*q - 1849. What is d(12)?
155
Let y(m) = 462592*m + 925181. Determine y(-2).
-3
Let r(k) = -k**3 + 197*k**2 - 3732*k - 2615. What is r(22)?
-19
Let d(u) = -72*u**2 - 9734*u - 115895. Calculate d(-122).
5
Let t(k) = -k**3 + 404*k**2 - 285*k - 47556. Determine t(403).
-2
Let y(m) = -4*m**3 - 3*m**2 - 46*m + 14. Determine y(0).
14
Let k(d) = -11*d**3 + 115*d**2 + 167*d - 1674. Determine k(11).
-563
Let u(d) = d**2 + 2591*d - 534414. Determine u(192).
-78
Let m(l) = 1762*l**2 - 1941*l + 1. Calculate m(1).
-178
Let k(b) = 5*b**2 - 686*b + 18860. Give k(38).
12
Let w(x) = 742*x - 57161. Determine w(77).
-27
Let l(c) = 847*c + 124548. What is l(-145)?
1733
Let b(m) = -5*m**2 - 1195*m + 19043. Give b(-254).
-7
Let k(o) = 2*o**3 + 151*o**2 - 381*o + 472. Calculate k(-78).
-230
Let l(y) = -11316*y + 24032. Calculate l(2).
1400
Let y(d) = 755*d + 626649. What is y(-830)?
-1
Let q(j) = -4*j**3 + 464*j**2 + 11507*j + 121. Give q(137).
-16
Let n(d) = 4*d**2 - 2319*d + 52856. Give n(556).
36
Let f(o) = -5*o**3 - 154*o**2 - 111*o - 4420. Calculate f(-31).
-18
Let r(v) = v**2 - 317*v + 8233. Give r(28).
141
Let q(j) = 446*j - 799. What is q(3)?
539
Let n(a) = a**3 - 13*a**2 - 105*a - 394. Give n(19).
-223
Let n(i) = -3*i**3 + 83*i**2 - 2142*i + 70556. Give n(30).
-4
Let r(b) = 1888*b - 11516. Determine r(6).
-188
Let w(d) = 5*d**2 + 23*d - 2292. Determine w(21).
396
Let s(u) = 3474*u + 3260. What is s(-1)?
-214
Let o(m) = m**3 - 41*m**2 - 278*m - 1594. Determine o(48).
1190
Let v(u) = 351919*u + 1407680. What is v(-4)?
4
Let p(h) = -121505*h - 5589217. Give p(-46).
13
Let y(i) = 52498*i - 420023. Give y(8).
-39
Let d(l) = 28*l**3 - 4284*l**2 - 28*l + 4286. What is d(153)?
2
Let z(m) = 6*m**2 - 87*m + 44. Determine z(19).
557
Let l(o) = 352*o - 47165. Determine l(132).
-701
Let c(x) = 30*x - 787. What is c(-6)?
-967
Let z(i) = -976*i**2 + 2031*i - 2. Calculate z(2).
156
Let b(u) = -4352*u - 43443. Determine b(-10).
77
Let s(w) = -200*w - 5456. Give s(-29).
344
Let a(q) = 2*q**2 - 29*q + 601. Give a(17).
686
Let n(h) = -h**3 - 61*h**2 + 91*h + 1549. Determine n(-62).
-249
Let c(l) = -23*l**2 + 450*l + 3534. Determine c(-6).
6
Let u(v) = -8681*v + 408018. What is u(47)?
11
Let g(t) = -9*t**2 + 192*t - 961. Give g(14).
-37
Let o(p) = -p**3 + 9*p**2 + 194*p - 1762. Calculate o(10).
78
Let c(r) = 5*r**2 - 9*r - 240. Determine c(-11).
464
Let a(p) = 2*p**2 - 193*p + 3083. Calculate a(70).
-627
Let p(f) = -4*f**2 + 377*f - 1250. What is p(91)?
-67
Let u(n) = 12*n**3 + 225*n**2 - 16*n + 47. Determine u(-18).
3251
Let i(y) = -y**2 + 12886*y + 167738. Determine i(-13).
51
Let o(b) = b**2 - 441452*b - 5738999. Determine o(-13).
46
Let q(f) = -2*f**3 - 317*f**2 + 1468*f - 893. Calculate q(-163).
-1056
Let a(j) = 18568*j - 1058404. Determine a(57).
-28
Let u(j) = 8410*j + 67336. What is u(-8)?
56
Let t(q) = -17054*q + 665093. Determine t(39).
-13
Let m(k) = -2063*k**2 + 1153*k - 1157. Calculate m(1).
-2067
Let n(k) = 2*k**3 + 417*k**2 - 589*k + 98356. Give n(-211).
30
Let b(n) = 26*n**2 + 3523*n + 432. Give b(-135).
-1323
Let u(x) = x**2 + 188*x - 17429. What is u(-256)?
-21
Let f(s) = -s**3 + 93*s**2 - 1575*s + 39. Determine f(71).
-884
Let v(x) = x**3 - 401*x**2 + 2532*x - 218591. Give v(396).
1
Let z(f) = -f**2 - 36*f - 49. What is z(-48)?
-625
Let m(s) = 939555*s + 31944872. Give m(-34).
2
Let w(h) = -h**3 - 92*h**2 + 33*h - 71. Calculate w(0).
-71
Let t(j) = 444*j**2 + 3118*j + 56. Determine t(-7).
-14
Let t(c) = -2266264*c - 45325274. Give t(-20).
6
Let k(m) = 306*m + 86185. What is k(-283)?
-413
Let d(x) = 2*x**3 + 48*x**2 + 18*x + 538. Give d(-24).
106
Let v(o) = 72*o**2 - 18*o + 94. Give v(6).
2578
Let o(z) = -834*z - 85024. Calculate o(-102).
44
Let f(n) = -273*n - 47633. Determine f(-173).
-404
Let n(w) = -2168605*w - 2168600. Determine n(-1).
5
Let z(d) = -38*d - 1181. Give z(-1).
-1143
Let q(o) = -12*o**2 + 831*o - 14148. Determine q(39).
9
Let v(l) = -15*l**2 - 144*l + 567. Determine v(-12).
135
Let m(s) = 141*s - 7299. Determine m(53).
174
Let d(i) = 10753*i - 96797. Give d(9).
-20
Let s(u) = -25*u**3 + 23*u**2 + 1624*u - 1646. What is s(1)?
-24
Let v(s) = 27*s**3 - 4*s**2 - 8*s - 1. Give v(4).
1631
Let i(g) = 882*g + 387187. Determine i(-439).
-11
Let f(o) = 3*o**2 + 74*o - 7124. Determine f(43).
1605
Let z(c) = -815*c - 83069. Calculate z(-102).
61
Let d(q) = -q**3 - 141*q**2 - 428*q - 81193. Determine d(-142).
-253
Let w(j) = j**3 + 90*j**2 + 735*j + 57. What is w(-81)?
-429
Let r(u) = -13*u**2 - 1844*u + 813. Give r(-142).
529
Let o(v) = 4*v**3 + 445*v**2 - 55*v - 18364. What is o(-111)?
62
Let q(u) = u**3 - 30*u**2 + 186*u + 4. Calculate q(19).
-433
Let j(h) = -2*h**3 - 453*h**2 - 236*h - 2602. Calculate j(-226).
-342
Let m(l) = -40*l + 1175. What is m(23)?
255
Let z(m) = 7*m**3 + 387*m**2 + 124*m + 123. What is z(-55)?
-647
Let y(c) = -304*c - 2339. Determine y(-6).
-515
Let p(h) = 1121*h - 28025. Give p(25).
0
Let k(d) = 721*d - 166700. Determine k(231).
-149
Let x(s) = s**3 + 344*s**2 + 19134*s - 67972. Calculate x(-273).
5
Let x(p) = 28*p**3 - 197*p**2 + p - 32. What is x(7)?
-74
Let k(m) = 19*m**3 - 8*m**2 + 29*m + 304. Determine k(-5).
-2416
Let s(a) = 3*a**3 + 34*a**2 + 94*a + 100. Calculate s(-2).
24
Let p(h) = 35*h**2 - 10441*h - 7168. Calculate p(299).
8
Let q(l) = 26*l**3 + 15*l**2 + 970*l + 959. Determine q(-1).
-22
Let k(d) = -51849*d + 466644. Calculate k(9).
3
Let y(v) = -494*v - 1396. Determine y(-9).
3050
Let v(l) = l**2 - 11917*l + 71531. Give v(6).
65
Let n(b) = -b**2 + 155*b - 823. What is n(150)?
-73
Let g(n) = 2*n**2 + 65*n - 307. Determine g(-30).
-457
Let g(k) = k**3 - 122*k**2 - 134*k + 1427. What is g(123)?
74
Let c(g) = -g**3 + g**2 + 145*g + 14. What is c(8)?
726
Let i(a) = -148*a**2 - 3427*a - 55. Determine i(-22).
3707
Let g(d) = 3*d**3 + 103*d**2 - 5982*d - 127. Give g(-65).
3
Let x(c) = 13*c**2 + 426*c + 2679. Determine x(-24).
-57
Let t(v) = -85990*v - 10404792. Calculate t(-121).
-2
Let t(k) = 5358*k + 321528. Give t(-60).
48
Let h(x) = 76*x - 7447. Determine h(76).
-1671
Let w(i) = 23*i. Determine w(-26).
-598
Let y(i) = i**3 + 3*i**2 - 160947*i - 643773. Give y(-4).
-1
Let f(q) = -101*q**2 - 6522*q + 9531. Give f(-66).
27
Let h(j) = -86127*j + 172250. Calculate h(2).
-4
Let r(f) = 2*f**3 + 13*f**2 + 145*f + 1509. Determine r(-10).
-641
Let c(t) = 149*t**3 + 2*t**2 - 4*t - 6. Determine c(1).
141
Let c(p) = 4373*p + 1220059. What is c(-279)?
-8
Let x(p) = -p**3 + 80*p**2 + 908*p - 183. Calculate x(90).
537
Let d(r) = 2*r**2 